 u. Is i composite?
False
Let q be (2 + -5 + 15)*(-2)/(-8). Suppose -2*s + 5*s = 12. Is 119 - s/(-6)*q a prime number?
False
Let w(f) = 45*f**2 - 66*f + 32. Is w(-19) composite?
True
Suppose 6 - 1 = 2*y + r, -3*r - 17 = -2*y. Suppose -4*h + 3146 = -v, 5*v = -y*h + 3*h + 797. Is h composite?
False
Let y be (8/(-20))/(1/(-20)). Suppose -12 - y = -5*k. Suppose -2*l + k*l = 98. Is l composite?
True
Suppose -2*j + 12 = j. Let p = 69 + -32. Suppose -305 + p = -j*r. Is r prime?
True
Let c = 289 + 298. Is c a composite number?
False
Let t(g) = 4*g**3 - 25*g**2 - 20*g - 23. Is t(18) prime?
False
Suppose 6*m + 115 = m. Let g = m - -28. Suppose 231 = 5*w + l, 10 - 37 = -w - g*l. Is w prime?
True
Let r(p) = -p**3 - 10*p**2 + p + 3. Let c be (-74)/14 + (-2)/(-7). Let l(s) = -s**2 - 3*s - 3. Let z be l(c). Is r(z) a composite number?
True
Let m(j) = -2*j + 27*j + 15 - 8*j + 27*j. Is m(19) composite?
True
Is (-4410060)/(-186) - 7*-1 a prime number?
False
Let s = 4343 + -6410. Let q = s - -3007. Suppose -5*h = -15 - q. Is h composite?
False
Suppose -22*s + 242633 = 42631. Is s a composite number?
False
Suppose -5*v + 316 = -209. Let g = 142 - v. Is g composite?
False
Let y = -9 + 170. Is y a composite number?
True
Let o = 329 + -149. Let w = o - 115. Let z = 192 + w. Is z composite?
False
Let t be (-4)/8 - 2/(-4). Let w be (624 - t/(-1)) + 2. Suppose -w - 169 = -3*p. Is p a composite number?
True
Let d(z) = -240*z**3 + 7*z**2 + z - 13. Let m(u) = 2*u**3 + u**2 - 2. Let t(q) = -d(q) + 6*m(q). Suppose 2*a + 2 = -b + 3*b, 4*b - 4 = -a. Is t(b) prime?
True
Let w(n) = 2197*n + 15. Is w(2) a prime number?
True
Let o = -1142 + 5911. Is o a prime number?
False
Let q(p) = -p - 7. Let o be q(-9). Suppose m - 4 = -o*b + 2*m, -2*b - 8 = -4*m. Suppose 0 = c + 5*l - 198, -c - b*l - 1135 = -6*c. Is c a prime number?
True
Let z(o) = -o + 1. Let i(v) = 334*v + 5. Let g(n) = i(n) - 6*z(n). Is g(2) a prime number?
False
Suppose -6 = 15*w - 14*w. Is (-402)/w + 2*(0 + -1) composite?
True
Let p = -3388 + 6848. Suppose p = 6*a - 326. Is a prime?
True
Suppose 3*g - 4*g = -40. Let o = 6 + 1. Let u = g - o. Is u composite?
True
Suppose 5*r - 161 - 69 = 5*m, -2*m - 4*r - 122 = 0. Let h = m - -1444. Is h composite?
True
Let x = -131519 + 190198. Is x a prime number?
True
Suppose -2*a = -m + 10, 5*a + 0*m = -2*m - 16. Is ((-8)/a - 215)*-1 a composite number?
True
Suppose 0 = -10*l + 12*l - 10. Suppose -2*i = 3*y - 6 - 3, 0 = l*i + y - 3. Suppose 3*d - 1126 - 155 = i. Is d composite?
True
Is 44/264 - (-1 - 290663/6) prime?
False
Suppose -d + 1 = 5, 0 = 5*g - 2*d - 253313. Suppose -17*h + g = -46868. Is h composite?
False
Let u be 2/12 + (-2453)/(-6). Let a = 6 + u. Is a a prime number?
False
Suppose -3*q + 0*q + 5*p + 16 = 0, 4*q + 5*p + 2 = 0. Suppose -5*u + u + q*n + 722 = 0, -2*n - 543 = -3*u. Is u a prime number?
True
Let r = 2 - 0. Suppose 3*t + 7 + 32 = w, -r*w - 3*t = -60. Is w prime?
False
Let d = 22 + -19. Suppose 0 = d*f + 3*p - 1435 - 944, p = 4*f - 3192. Is f a prime number?
True
Let l(n) = -3*n - 13. Let r be l(-7). Suppose 0 = -r*z + 5*z - 195. Let b = 132 + z. Is b a composite number?
False
Let c = -9 - -13. Suppose 0 = c*x - 225 - 667. Is x a composite number?
False
Let u(k) = 3*k**2 - 60*k + 20. Is u(-17) a prime number?
True
Let t(p) = p**3 + 232*p**2 - 12*p + 42. Is t(-23) a composite number?
False
Let y(r) = -3*r + 9 - r - 5*r - r. Let p = 17 - 28. Is y(p) a composite number?
True
Suppose -1 = s, -2*n = -3*s - 23660 + 6535. Is n a prime number?
False
Suppose -2*b + 1642 = 5*n - 5*b, -3*n + 998 = -5*b. Is n a prime number?
False
Let q be (-210)/(-66) + (-4)/22. Suppose -q*k = 4*k - 2849. Is k a composite number?
True
Let y(z) = z + 3. Let l be (-3 + 1 + 1)*0. Let b be y(l). Is 614/b + 10/30 a composite number?
True
Let s(r) = 4*r - 8*r + 6 - 12*r**2 + 2*r**3 + 4 + r. Is s(9) composite?
True
Suppose 0 = -2*n + 3*n - 3. Suppose 4*u + 5*y - 2*y = 791, -2*u + 403 = n*y. Is u composite?
True
Let t(w) = -9*w**2 + 2*w + 1. Let d be t(1). Is (-1659)/(d/2)*1 composite?
True
Suppose 0 = 255*i - 252*i - 38301. Is i a prime number?
False
Let h = -299 + 594. Suppose 2*y + y = -6, k = y + h. Is k composite?
False
Is 133981 + -11 + (11 - 8) a prime number?
False
Let o(k) = -9*k**3 + k**2 - k - 1. Let y be o(-1). Suppose 0 = -y*m + 5349 + 4321. Is m prime?
True
Suppose 4*n = -5*o + 93477, o + 2*n - 18699 = 3*n. Is o a prime number?
False
Let n be (-3)/(-6)*-129*16/(-8). Let b(k) = 13*k**3 + k**2 + 2*k - 3. Let h be b(2). Suppose -n - h = -2*z. Is z prime?
False
Suppose 257 = 2*w - 1371. Suppose w = 3*t - t. Is t a prime number?
False
Let s(b) be the third derivative of 2*b**6/15 + b**5/15 - 5*b**4/24 + b**3 - 2*b**2. Let w be s(3). Is ((-2)/(-3))/(9/w) composite?
True
Suppose 12*l - 4006 = 17318. Is l prime?
True
Let d(w) = -15*w - 72. Let c be d(-5). Suppose 4004 + 427 = c*n. Is n prime?
False
Let v = 20131 - -5052. Is v a composite number?
False
Let c = 157 - 117. Suppose -33*i + c*i - 17381 = 0. Is i prime?
False
Let v = -25 + 24. Let m(b) = 1980*b**2 - 2*b - 1. Is m(v) a prime number?
False
Let u = -17855 + 41454. Is u prime?
True
Let l(s) = -s**3 - 18*s**2 + 22*s - 20. Let i be l(-18). Suppose n + 1430 = 3*n. Let a = i + n. Is a prime?
False
Let n(k) = -5*k - 20. Let o be n(-5). Suppose -2*d + 4*l = d - 2013, 0 = o*l + 15. Is d composite?
True
Let l(m) = -722*m**2 + 5. Let b(o) = 722*o**2 - 4. Let r(s) = 4*b(s) + 3*l(s). Is r(1) a composite number?
True
Suppose -14*t = -11*t - 20991. Is t prime?
True
Let d be ((-28)/3)/(-7)*(-18)/(-4). Suppose -1618 = d*z - 8*z. Is z a prime number?
True
Let l(w) = 250*w**2 + 24*w - 65. Is l(8) a composite number?
False
Let b(q) = q**2 + 3*q + 1. Suppose 4*g = -4*a + 20, 0 = 5*a - 4*g + 3 - 1. Suppose a*m + 5 = 21. Is b(m) composite?
False
Let f = 6 + 413. Is f a composite number?
False
Suppose 0 = -4*r - r + 5. Let i be (r + 1)*392/16. Suppose -3*v - i = -430. Is v a prime number?
True
Let p = 42 + -25. Suppose -2*d + p + 17 = 0. Suppose 0 = l - 14 - d. Is l a composite number?
False
Let j(s) = -19*s + 6. Let o be j(-3). Let t be 4/18 + 7609/o. Suppose 2*g = 53 + t. Is g composite?
True
Let c(p) = -2*p**2 - 5*p + 4. Let m(k) = -2*k**2 - 4*k + 3. Let r(b) = 5*c(b) - 6*m(b). Let g be r(-5). Suppose -g + 10 = -i. Is i a prime number?
True
Let b(o) = -o**2 + 9*o - 8. Let n be b(8). Let r be (n - 3)*1586/(-6). Suppose -5*t - 2*v = -1987, 2*t = -0*t + v + r. Is t prime?
True
Let g = -30 + 18. Let b be (g/(-8))/((-9)/(-12)). Suppose 0 = -3*a - u + 5*u + 783, -3*a + 789 = -b*u. Is a a composite number?
True
Suppose 4*t = 3*o + 13720, 0 = -6*t + 5*t + o + 3429. Is t prime?
True
Let g = -833 + 1528. Suppose -5*d + g = -120. Suppose -d = 3*f - 4*f. Is f composite?
False
Let w = -232 + 1153. Suppose -2*l + 1842 = -4*t, l + t - w = -0*t. Suppose -q = -l + 80. Is q prime?
False
Is 10/15*((-6999)/(-2) + 0) a composite number?
False
Let n = -1 + -3. Is (-2781)/(-11) + n/(-22) a prime number?
False
Let c(m) = -11 - 27*m**3 - m + 10*m**3 - 17*m**2 + 16*m**3. Let x be c(-17). Let q(u) = 6*u + 10. Is q(x) a prime number?
False
Let b(w) = -216*w - 251. Is b(-8) a composite number?
True
Let n(h) = -h**3 + 25*h**2 - 42*h + 13. Is n(22) prime?
True
Let c = -149 + -137. Let q = 83 + c. Let v = q - -574. Is v a composite number?
True
Let n = -602 + 2125. Is n composite?
False
Let z = 18162 - 3493. Is z prime?
True
Let z be -2 - 3*(-4)/3. Suppose 4 = -4*i, -m - z*i + 1339 = 2*m. Is m a composite number?
True
Let k(l) = -11*l**3 - 7*l**2 - 13*l + 30. Let j be k(6). Let a = j - -6541. Is a prime?
False
Let u = -23 + 27. Suppose u*g - 3*j - 428 = j, 2*j - 8 = 0. Is g a composite number?
True
Let x(v) = v**3 + 7*v**2 - 4*v - 24. Let y be x(-7). Suppose -w + 1469 = -4*h, -y*h = -3*h + 1. Is w a composite number?
True
Suppose -2*i - 2 = 2*i + 3*u, -16 = 5*i - 3*u. Let c(w) = -581*w + 1. Is c(i) prime?
True
Suppose -3*g + 2*k = -2*k + 8, 4*g + k - 21 = 0. Suppose 0 = s - 38 + 33. Suppose s*r = q - 57, g*q + 4*r - 8*r - 260 = 0. Is q prime?
True
Suppose -2*m - 10 + 14 = 0. Suppose 52 - 294 = -g - 3*f, 0 = -m*g + 4*f + 454. Is g a prime number?
True
Let i(x) = 197*x - 13. Is i(8) prime?
False
Let w(q) = q**2 - 21*q - 39. Is w(31) prime?
True
Let i(w) = -w**3 - 12*w**2 - w - 11